{"id":1348,"date":"2025-02-02T09:12:28","date_gmt":"2025-02-02T09:12:28","guid":{"rendered":"https:\/\/www.ubaye-rupestre.fr\/site\/?page_id=1348"},"modified":"2025-03-17T16:26:17","modified_gmt":"2025-03-17T16:26:17","slug":"conclusion","status":"publish","type":"page","link":"https:\/\/www.ubaye-rupestre.fr\/site\/conclusion\/","title":{"rendered":"CONCLUSION"},"content":{"rendered":"<p>Notre soci\u00e9t\u00e9 s\u2019ennorgueillit de proc\u00e9d\u00e9s, de machines consid\u00e9r\u00e9s comme performants.<\/p>\n<p>Si on y regarde de pr\u00e8s, il s\u2019agit de plus en plus ,et n\u00e9cessairement ,d\u2019ASSEMBLAGES,\u00a0.<\/p>\n<p>Ce qui ne manque pas de piquant, c\u2019est qu\u2019\u00e0 c\u00f4t\u00e9 de l\u2019\u00e9l\u00e9ment v\u00e9ritablement innovant, figurent le plus souvent des annexes (carrosseries,\u00e9l\u00e9ments de transfert ou de commande) qui, consid\u00e9r\u00e9s comme accessoires,sont en fait bricol\u00e9s, n\u00e9glig\u00e9s et contribuent \u00e0 cette obsolescence assez contrariante par son incoh\u00e9rence, ses contraintes et son co\u00fbt.<\/p>\n<p>Combien d\u2019\u00e9quipements dits \u00ab\u00a0evolu\u00e9s\u00a0\u00bb, n\u00e9cessitent d\u2019ing\u00e9nieux bricolages\u00a0&#8230;ne srait-ce que pour les rendre moins bruyants ou plus \u00e9conomiques<\/p>\n<p>Et il existe toujours LE d\u00e9tail critique qui fait que \u00e7a marche\u2026ou pas.<\/p>\n<p>x x x<\/p>\n<p>Je ne saurais terminer cette promenade sans mentionner Albert MANUEL, le dernier forgeron de la Vall\u00e9e, inventeur, lui aussi et continuateur de ces anonymes obstin\u00e9s&#8230;qui fut un contributeur \u00e9m\u00e9rite \u00e0\u00a0:<\/p>\n<p>La cr\u00e9ation du mus\u00e9e de Saint Paul sur Ubaye par Elisabeth IMBERT.<\/p>\n<p>Et faire le v\u0153u que ces \u00e9chantillons tr\u00e8s incomplets, s\u00a0\u2019enrichissent,non seulement de \u00ab\u00a0curiosit\u00e9s\u00a0\u00bb, mais attirent un peu d\u2019attention des sp\u00e9cialistes qui pourraient trouver&#8230;des IDEES..et des STRATEGIES.<\/p>\n<p>Ce qui, dans un tout autre domaine valide cette d\u00e9finition de Marc BLOCH , pour l\u2019Histoire\u00a0:<\/p>\n<p>\u00ab\u00a0Il n\u2019existe qu\u2019une seule science qui relie les morts aux vivants\u00a0\u00bb.<\/p>\n","protected":false},"excerpt":{"rendered":"<p>Notre soci\u00e9t\u00e9 s\u2019ennorgueillit de proc\u00e9d\u00e9s, de machines consid\u00e9r\u00e9s comme performants. Si on y regarde de pr\u00e8s, il s\u2019agit de plus en plus ,et n\u00e9cessairement ,d\u2019ASSEMBLAGES,\u00a0. Ce qui ne manque pas de piquant, c\u2019est qu\u2019\u00e0 c\u00f4t\u00e9 de l\u2019\u00e9l\u00e9ment v\u00e9ritablement innovant, figurent &hellip; <a href=\"https:\/\/www.ubaye-rupestre.fr\/site\/conclusion\/\">Continuer la lecture <span class=\"meta-nav\">&rarr;<\/span><\/a><\/p>\n","protected":false},"author":1,"featured_media":0,"parent":0,"menu_order":0,"comment_status":"closed","ping_status":"closed","template":"","meta":{"footnotes":""},"class_list":["post-1348","page","type-page","status-publish","hentry"],"_links":{"self":[{"href":"https:\/\/www.ubaye-rupestre.fr\/site\/wp-json\/wp\/v2\/pages\/1348","targetHints":{"allow":["GET"]}}],"collection":[{"href":"https:\/\/www.ubaye-rupestre.fr\/site\/wp-json\/wp\/v2\/pages"}],"about":[{"href":"https:\/\/www.ubaye-rupestre.fr\/site\/wp-json\/wp\/v2\/types\/page"}],"author":[{"embeddable":true,"href":"https:\/\/www.ubaye-rupestre.fr\/site\/wp-json\/wp\/v2\/users\/1"}],"replies":[{"embeddable":true,"href":"https:\/\/www.ubaye-rupestre.fr\/site\/wp-json\/wp\/v2\/comments?post=1348"}],"version-history":[{"count":2,"href":"https:\/\/www.ubaye-rupestre.fr\/site\/wp-json\/wp\/v2\/pages\/1348\/revisions"}],"predecessor-version":[{"id":1579,"href":"https:\/\/www.ubaye-rupestre.fr\/site\/wp-json\/wp\/v2\/pages\/1348\/revisions\/1579"}],"wp:attachment":[{"href":"https:\/\/www.ubaye-rupestre.fr\/site\/wp-json\/wp\/v2\/media?parent=1348"}],"curies":[{"name":"wp","href":"https:\/\/api.w.org\/{rel}","templated":true}]}}